 985*u - 2968. Determine k(3).
-112
Let u(f) = 2*f**2 - 13999*f - 1018295. Give u(-72).
1
Let r(c) = -1065*c - 15975. Determine r(-15).
0
Let p(l) = -130*l - 9926. Determine p(-75).
-176
Let m(o) = -21*o**2 + 1819*o + 7296. What is m(-4)?
-316
Let b(i) = -i**3 + 72*i**2 + 174*i + 9475. Calculate b(76).
-405
Let p(j) = 14705*j - 14469714. Calculate p(984).
6
Let m(c) = -c**2 - 849*c - 12531. Give m(-834).
-21
Let p(q) = -5*q**2 + 295*q + 2630. Determine p(67).
-50
Let l(g) = 52508*g + 682596. What is l(-13)?
-8
Let i(r) = 14524*r + 2585274. Give i(-178).
2
Let h(s) = 8862*s - 4182877. What is h(472)?
-13
Let o(g) = -g**3 + 10*g**2 + 496*g - 3965. Determine o(8).
131
Let g(d) = 173*d + 1827. Give g(-22).
-1979
Let a(r) = 6*r**2 - 474*r + 845. Calculate a(78).
377
Let o(n) = 8*n**2 + 984*n - 883. Give o(-124).
109
Let d(g) = -206*g**2 + 1027*g - 16. Give d(5).
-31
Let w(h) = 2*h**3 - 118*h**2 - 6617*h - 1289. Determine w(-35).
6
Let v(w) = 3291*w - 85. Give v(0).
-85
Let y(l) = 7*l**2 + 97*l - 1999. What is y(-25)?
-49
Let o(z) = 6*z**2 - 949*z + 20620. Calculate o(26).
2
Let k(j) = 6*j**2 - 788*j - 2492. Determine k(137).
2166
Let d(y) = 18*y**3 + 3943*y**2 + 222*y + 653. What is d(-219)?
-4
Let s(c) = 9041*c - 976416. Calculate s(108).
12
Let b(m) = 2197*m + 26302. Calculate b(-12).
-62
Let q(b) = 3*b**2 - 609*b - 13618. Determine q(-19).
-964
Let q(w) = 3*w**2 + 193*w + 2449. What is q(-14)?
335
Let n(t) = 39*t**2 - 1278*t - 5230. What is n(-4)?
506
Let u(l) = -l**3 + 15*l**2 - 3222*l + 15806. What is u(5)?
-54
Let h(l) = l**3 - 1327*l**2 - 5337*l - 63. Give h(-4).
-11
Let c(g) = 82663*g + 5621085. Determine c(-68).
1
Let m(d) = -61*d**2 + 85*d - 313. Calculate m(4).
-949
Let i(o) = -30770*o - 307740. Calculate i(-10).
-40
Let a(o) = o**2 + 1024*o + 25021. Calculate a(-25).
46
Let s(a) = -a**3 + 27*a**2 - 9*a - 2312. What is s(22)?
-90
Let o(d) = -2*d**3 + 21*d**2 - 7*d + 8. Determine o(10).
38
Let s(r) = 9035*r + 17832. Calculate s(-2).
-238
Let a(y) = y**2 + 128*y + 3523. Calculate a(-89).
52
Let h(l) = 3*l**3 - 5*l**2 - 1794*l - 1790. Give h(-1).
-4
Let s(u) = u**3 - 27*u**2 + 76*u + 221. What is s(25)?
871
Let r(i) = -10*i**3 - 212*i**2 - 64*i - 82. Calculate r(-21).
380
Let k(j) = j**3 + 29*j**2 - 914*j - 26727. Give k(-30).
-207
Let c(r) = -r**3 - 2*r**2 - 5*r - 77. Calculate c(-5).
23
Let m(u) = -709*u + 8473. Calculate m(13).
-744
Let y(m) = -m**2 + 363*m + 3327. Calculate y(-9).
-21
Let b(u) = -150654*u - 753276. Give b(-5).
-6
Let v(t) = -t**3 + 56*t**2 + 811*t + 48. Give v(68).
-292
Let v(q) = -118670*q + 6526848. What is v(55)?
-2
Let z(r) = -r**3 + 3*r**2 - 26*r + 223. Give z(7).
-155
Let k(i) = 16*i**2 + 8176*i + 1006842. Determine k(-304).
-6
Let r(c) = c**3 + 53*c**2 + 353*c + 25466. What is r(-55)?
1
Let p(h) = -8*h**3 + 4550*h**2 - 3382*h - 14774. What is p(568)?
-6
Let i(f) = -265*f - 28640. Give i(-113).
1305
Let l(u) = -21*u**2 + 8195*u - 3809. Give l(390).
-1859
Let n(q) = 7*q**2 - 435*q + 5769. Calculate n(43).
7
Let q(h) = -14*h**3 - 1189*h**2 + 107*h + 627. Calculate q(-85).
-1243
Let b(p) = -5*p + 841. Calculate b(-20).
941
Let b(c) = -96024*c + 1536360. Calculate b(16).
-24
Let r(a) = 12*a**2 + 114*a - 9799. What is r(-34)?
197
Let r(o) = -23*o**2 + 30*o + 932. Give r(-6).
-76
Let d(g) = -90*g**2 - 2229*g + 29. What is d(-25)?
-496
Let h(d) = -d**3 - 125*d**2 - 3828*d + 2023. Calculate h(-56).
7
Let l(u) = 8*u**3 - 5*u**2 + 5*u - 7. What is l(2)?
47
Let y(v) = -42*v - 3666. What is y(-89)?
72
Let h(f) = f**3 - 274*f**2 - 4401*f + 19076. Calculate h(289).
2
Let x(a) = 140*a**2 - 91*a + 9. Calculate x(-2).
751
Let z(m) = 772*m - 385305. Give z(499).
-77
Let h(f) = -f**2 - 79236*f - 316924. Determine h(-4).
4
Let w(g) = -39824*g + 2389449. Calculate w(60).
9
Let v(g) = -28245*g - 367189. Calculate v(-13).
-4
Let i(t) = -t**3 + 94*t**2 + 483*t - 61162. Give i(92).
202
Let f(v) = -320000*v + 66240000. What is f(207)?
0
Let l(k) = -k**2 - 274*k - 785. Give l(-271).
28
Let r(f) = 138*f + 29303. What is r(-213)?
-91
Let o(j) = 18*j**2 + 1920*j - 9616. What is o(5)?
434
Let j(c) = 1159*c**2 + 172686*c - 715. Determine j(-149).
30
Let u(k) = -k**2 - 3583*k + 701026. Determine u(186).
-8
Let m(a) = -339*a + 6373. Determine m(19).
-68
Let d(i) = 2*i**3 - 289*i**2 + 6065*i + 375. Determine d(119).
-101
Let q(m) = -8*m**3 + 859*m**2 + 1417*m - 79. Calculate q(109).
-79
Let g(t) = 103*t**2 - 11227*t + 15. What is g(109)?
15
Let y(b) = -36008*b - 432187. Give y(-12).
-91
Let m(h) = -4*h**2 - 3026*h + 271352. Determine m(81).
2
Let z(n) = 6*n**2 - 74*n - 37. What is z(-20)?
3843
Let v(l) = 217369*l + 217380. Determine v(-1).
11
Let a(m) = 5*m**3 + 10*m**2 + 15*m + 19. Determine a(0).
19
Let z(x) = -x**3 + 16*x**2 + 3553*x + 904. Calculate z(-52).
20
Let t(a) = -1512*a + 18272. What is t(12)?
128
Let u(w) = -14*w**2 - 7356*w + 94688. Give u(-538).
0
Let r(j) = -j**3 - 4614*j**2 + 46237*j - 19. Determine r(10).
-49
Let i(f) = 71*f**3 - 1364*f**2 - 2731*f + 3. What is i(-2)?
-559
Let u(m) = -11*m**2 + 937*m - 10411. Determine u(11).
-1435
Let v(a) = 1303*a - 1445. What is v(-1)?
-2748
Let o(i) = 875*i + 1829. Determine o(-3).
-796
Let r(i) = 10710*i + 278464. Determine r(-26).
4
Let i(j) = -2*j**3 + 14*j**2 + 336*j - 2088. Calculate i(6).
0
Let k(x) = x**2 + 284*x - 498246. What is k(578)?
-10
Let s(w) = 17*w**3 - 5797*w**2 - 6*w + 2039. What is s(341)?
-7
Let a(f) = -4*f**3 - 67*f**2 - 101*f + 49. What is a(-15)?
-11
Let a(h) = h**3 + 228*h**2 - 13527*h + 12752. Give a(-277).
10
Let c(t) = -158*t**2 - 5014*t + 133. Calculate c(-32).
-1211
Let v(u) = -777822*u - 2333454. Give v(-3).
12
Let w(m) = 3467*m + 173349. Give w(-50).
-1
Let x(g) = -3611*g + 81921. Give x(23).
-1132
Let x(y) = 2032*y**3 + 698*y - 699. Give x(1).
2031
Let y(a) = 5*a**2 - 546*a + 1019. Give y(108).
371
Let m(v) = v**3 - 73*v**2 + 1141*v - 43. Determine m(23).
-250
Let k(y) = 531362*y + 4782276. Calculate k(-9).
18
Let k(m) = 338068*m - 1690341. What is k(5)?
-1
Let t(l) = 125*l + 4820. Give t(-37).
195
Let k(u) = 144554*u + 8239568. Give k(-57).
-10
Let a(x) = -3*x**2 + 234*x + 2974. Give a(89).
37
Let q(z) = -z**3 + 406*z - 3907. Determine q(9).
-982
Let q(j) = -3*j**2 - 887*j - 65429. Calculate q(-141).
-5
Let o(t) = t**2 + 35*t - 657. Give o(13).
-33
Let s(r) = r**3 + 184*r**2 + 10190*r - 43763. What is s(4)?
5
Let x(k) = -k**3 - 71*k**2 + 431*k - 2396. Determine x(-77).
-9
Let p(m) = -112*m + 1027. Determine p(10).
-93
Let x(p) = 12459*p**2 - p + 974. Determine x(0).
974
Let k(t) = -t**3 - 35*t**2 - 80*t + 1483. Determine k(-32).
971
Let u(k) = 93792*k - 562819. What is u(6)?
-67
Let o(g) = -20*g**2 - 1521*g + 2908. What is o(-78)?
-134
Let q(r) = 481*r - 11019. What is q(22)?
-437
Let r(j) = -83607*j + 1755693. Determine r(21).
-54
Let y(v) = 811961*v + 55. Give y(0).
55
Let v(a) = -a**2 + 104910*a - 5033382. Give v(48).
-6
Let m(b) = -96*b**2 + 46*b - 141. Calculate m(4).
-1493
Let f(x) = -14*x**2 + 76*x + 49. Determine f(6).
1
Let s(n) = -37*n**2 + 2624*n + 220. Determine s(71).
7
Let r(i) = -91*i**2 + 2320*i - 3256. What is r(24)?
8
Let l(t) = t**3 - 44*t**2 + 44*t + 1062. Calculate l(43).
1105
Let z(t) = 139*t - 133854. Determine z(963).
3
Let q(x) = 2*x**2 + 16*x - 15768. Determine q(-92).
-312
Let l(x) = 5352*x - 1162. Determine l(-1).
-6514
Let k(w) = -393*w - 4042. Give k(-8).
-898
Let j(i) = -15*i**3 + 145*i**2 - 13*i - 677. Calculate j(9).
16
Let t(g) = -g**3 + 9*g**2 + 214*g - 1346. Give t(6).
46
Let o(y) = -5*y**3 + 47*y**2 - 76*y + 6. Calculate o(7).
62
Let o(g) = -6*g**3 + 84*g**2 - 66*g - 197. Determine o(13).
-41
Let q(u) = -347*u**3 - 66*u**2 - 55*u + 11. Calculate q(-1).
347
Let t(k) = 3*k**2 + k - 2583. Determine t(29).
-31
Let m(n) = -625*n - 54370. Calculate m(-87).
5
Let x(f) = 349*f**2 + 232411*f - 15317. Determine x(-666).
1
Let s(o) = -322*o**2 - 1534*o + 222. Determine s(-5).
-158
Let x(b) = b**3 - 1173*b**2 + 167162*b - 5. What is x(1007)?
-5
Let t(w) = -613*w + 10391. Give t(17).
-30
Let v(w) = -w**2 - 104077*w - 3641477. Give v(-35).
-7
Let o(h) = -136*h + 26303. Give o(197).
-489
Let o(m) = 10*m**2 - 121*m + 1583. Calculate o(13).
1700
Let z(n) = 5*n**3 + 105*n**2 + 10*n + 251. Determine z(-20).
2051
Let n(x) = -820*x + 3755